{"id":41,"date":"2019-07-03T12:03:03","date_gmt":"2019-07-03T10:03:03","guid":{"rendered":"http:\/\/solidarnosctvp.pl\/?page_id=41"},"modified":"2025-12-16T17:14:32","modified_gmt":"2025-12-16T16:14:32","slug":"biuro-zarzadu-organizacji","status":"publish","type":"page","link":"https:\/\/solidarnosctvp.pl\/?page_id=41","title":{"rendered":"W\u0142adze Zwi\u0105zku"},"content":{"rendered":"\n<p><strong>Sk\u0142ad Komisji Zak\u0142adowej<\/strong><\/p>\n\n\n<hr \/>\n<table style=\"height: 836px;\" width=\"426\">\n<tbody>\n<tr>\n<td width=\"236\">\n<p>Bogdan Wi\u015bniewski<\/p>\n<\/td>\n<td width=\"126\">\n<p><strong>Przewodnicz\u0105cy<\/strong><\/p>\n<p>cz\u0142onek prezydium<\/p>\n<\/td>\n<\/tr>\n<tr>\n<td width=\"236\">\n<p>Wies\u0142aw Murzyn<\/p>\n<\/td>\n<td width=\"126\">\n<p><strong>Z-ca Przewodnicz\u0105cego<\/strong><\/p>\n<p>cz\u0142onek prezydium<\/p>\n<\/td>\n<\/tr>\n<tr>\n<td width=\"236\">\n<p>Henryk \u0141oposzko<\/p>\n<\/td>\n<td width=\"126\">\n<p><strong>Z-ca Przewodnicz\u0105cego<\/strong><\/p>\n<p>cz\u0142onek prezydium<\/p>\n<\/td>\n<\/tr>\n<tr>\n<td width=\"236\">\n<p>Ilona Kos<\/p>\n<\/td>\n<td width=\"126\">\n<p><strong>Sekretarz<\/strong><\/p>\n<p>cz\u0142onek prezydium<strong><br \/><\/strong><\/p>\n<\/td>\n<\/tr>\n<tr>\n<td width=\"236\">\n<p>Kamila Murawska<\/p>\n<\/td>\n<td width=\"126\">\n<p><strong>E-Sekretarz<\/strong><\/p>\n<p>cz\u0142onek prezydium<\/p>\n<\/td>\n<\/tr>\n<tr>\n<td width=\"236\">\n<p>Ma\u0142gorzata Flasi\u0144ska<\/p>\n<\/td>\n<td width=\"126\">\n<p><strong>Skarbnik<\/strong><\/p>\n<p>cz\u0142onek prezydium<\/p>\n<\/td>\n<\/tr>\n<tr>\n<td width=\"236\">\n<p>Krzysztof Kila\u0144ski<\/p>\n<\/td>\n<td width=\"126\">\n<p><strong>Cz\u0142onek<\/strong><strong> prezydium<\/strong><\/p>\n<\/td>\n<\/tr>\n<tr>\n<td width=\"236\">\n<p>Stanis\u0142aw Kr\u00f3lak<\/p>\n<\/td>\n<td width=\"126\">\n<p><strong>Cz\u0142onek<\/strong><strong> prezydium<\/strong><\/p>\n<\/td>\n<\/tr>\n<\/tbody>\n<\/table>\n<p>&nbsp;<\/p>\n<p>&nbsp;<\/p>\n<table style=\"height: 294px;\" width=\"694\">\n<tbody>\n<tr>\n<td width=\"236\">\n<p>Artur Alker<\/p>\n<\/td>\n<td width=\"126\">\n<p><strong>Cz\u0142onek<\/strong><\/p>\n<\/td>\n<\/tr>\n<tr>\n<td width=\"236\">\n<p>Mariusz Andrzejczak<\/p>\n<\/td>\n<td width=\"126\">\n<p><strong>Cz\u0142onek<\/strong><\/p>\n<\/td>\n<\/tr>\n<tr>\n<td width=\"236\">\n<p>Mariola Bartosiewicz<\/p>\n<\/td>\n<td width=\"126\">\n<p><strong>Cz\u0142onek<\/strong><\/p>\n<\/td>\n<\/tr>\n<tr>\n<td width=\"236\">\n<p>Rafa\u0142 Biernacki<\/p>\n<\/td>\n<td width=\"126\">\n<p><strong>Cz\u0142onek<\/strong><\/p>\n<\/td>\n<\/tr>\n<tr>\n<td width=\"236\">\n<p>El\u017cbieta Brzezicka<\/p>\n<\/td>\n<td width=\"126\">\n<p><strong>Cz\u0142onek<\/strong><\/p>\n<\/td>\n<\/tr>\n<\/tbody>\n<\/table>\n<table width=\"0\">\n<tbody>\n<tr>\n<td width=\"453\">\n<p>Marcin Doma\u0144ski<\/p>\n<\/td>\n<td width=\"227\">\n<p><strong>Cz\u0142onek<\/strong><\/p>\n<\/td>\n<\/tr>\n<tr>\n<td width=\"453\">\n<p>Danuta Drachal<\/p>\n<\/td>\n<td width=\"227\">\n<p><strong>Cz\u0142onek<\/strong><\/p>\n<\/td>\n<\/tr>\n<tr>\n<td width=\"453\">\n<p>Karol Gajewski<\/p>\n<\/td>\n<td width=\"227\">\n<p><strong>Cz\u0142onek<\/strong><\/p>\n<\/td>\n<\/tr>\n<tr>\n<td width=\"453\">\n<p>Krzysztof Gawli\u0144ski<\/p>\n<\/td>\n<td width=\"227\">\n<p><strong>Cz\u0142onek<\/strong><\/p>\n<\/td>\n<\/tr>\n<tr>\n<td width=\"453\">\n<p>Krzysztof Go\u0142\u0105bek<\/p>\n<\/td>\n<td width=\"227\">\n<p><strong>Cz\u0142onek<\/strong><\/p>\n<\/td>\n<\/tr>\n<tr>\n<td width=\"453\">\n<p>Tomasz Go\u0142\u0119biewski<\/p>\n<\/td>\n<td width=\"227\">\n<p><strong>Cz\u0142onek<\/strong><\/p>\n<\/td>\n<\/tr>\n<tr>\n<td width=\"453\">\n<p>Grzegorz Kazberuk<\/p>\n<\/td>\n<td width=\"227\">\n<p><strong>Cz\u0142onek<\/strong><\/p>\n<\/td>\n<\/tr>\n<tr>\n<td width=\"453\">\n<p>Mateusz Ka\u017carnowicz<\/p>\n<\/td>\n<td width=\"227\">\n<p><strong>Cz\u0142onek<\/strong><\/p>\n<\/td>\n<\/tr>\n<tr>\n<td width=\"453\">\n<p>Grzegorz Kiedrowski<\/p>\n<\/td>\n<td width=\"227\">\n<p><strong>Cz\u0142onek<\/strong><\/p>\n<\/td>\n<\/tr>\n<tr>\n<td width=\"453\">\n<p>Kamil Kostrzy\u0144ski<\/p>\n<\/td>\n<td width=\"227\">\n<p><strong>Cz\u0142onek<\/strong><\/p>\n<\/td>\n<\/tr>\n<tr>\n<td width=\"453\">\n<p>Jacek Lasota<\/p>\n<\/td>\n<td width=\"227\">\n<p><strong>Cz\u0142onek<\/strong><\/p>\n<\/td>\n<\/tr>\n<tr>\n<td width=\"453\">\n<p>Marek Lebiest<\/p>\n<\/td>\n<td width=\"227\">\n<p><strong>Cz\u0142onek<\/strong><\/p>\n<\/td>\n<\/tr>\n<tr>\n<td width=\"453\">\n<p>Jaros\u0142aw Le\u015bniak<\/p>\n<\/td>\n<td width=\"227\">\n<p><strong>Cz\u0142onek<\/strong><\/p>\n<\/td>\n<\/tr>\n<tr>\n<td width=\"453\">\n<p>Witold Lichocki<\/p>\n<\/td>\n<td width=\"227\">\n<p><strong>Cz\u0142onek<\/strong><\/p>\n<\/td>\n<\/tr>\n<tr>\n<td width=\"453\">\n<p>\u0141adys\u0142aw Lipkowski<\/p>\n<\/td>\n<td width=\"227\">\n<p><strong>Cz\u0142onek<\/strong><\/p>\n<\/td>\n<\/tr>\n<tr>\n<td width=\"453\">\n<p>Dariusz Mojsak<\/p>\n<\/td>\n<td width=\"227\">\n<p><strong>Cz\u0142onek<\/strong><\/p>\n<\/td>\n<\/tr>\n<tr>\n<td width=\"453\">\n<p>Anna Muszy\u0144ska<\/p>\n<\/td>\n<td width=\"227\">\n<p><strong>Cz\u0142onek<\/strong><\/p>\n<\/td>\n<\/tr>\n<tr>\n<td width=\"453\">\n<p>Hubert Nowak<\/p>\n<\/td>\n<td width=\"227\">\n<p><strong>Cz\u0142onek<\/strong><\/p>\n<\/td>\n<\/tr>\n<tr>\n<td width=\"453\">\n<p>Mariola Pirosz<\/p>\n<\/td>\n<td width=\"227\">\n<p><strong>Cz\u0142onek<\/strong><\/p>\n<\/td>\n<\/tr>\n<tr>\n<td width=\"453\">\n<p>Ziemowit Poniatowski<\/p>\n<\/td>\n<td width=\"227\">\n<p><strong>Cz\u0142onek<\/strong><\/p>\n<\/td>\n<\/tr>\n<tr>\n<td width=\"453\">\n<p>Anna Rajewska<\/p>\n<\/td>\n<td width=\"227\">\n<p><strong>Cz\u0142onek<\/strong><\/p>\n<\/td>\n<\/tr>\n<tr>\n<td width=\"453\">\n<p>Adam Ryncarz<\/p>\n<\/td>\n<td width=\"227\">\n<p><strong>Cz\u0142onek<\/strong><\/p>\n<\/td>\n<\/tr>\n<tr>\n<td width=\"453\">\n<p>Miros\u0142aw Sobolewski<\/p>\n<\/td>\n<td width=\"227\">\n<p><strong>Cz\u0142onek<\/strong><\/p>\n<\/td>\n<\/tr>\n<tr>\n<td width=\"453\">\n<p>Maciej Szafra\u0144ski<\/p>\n<\/td>\n<td width=\"227\">\n<p><strong>Cz\u0142onek<\/strong><\/p>\n<\/td>\n<\/tr>\n<tr>\n<td width=\"453\">\n<p>Dariusz \u015awierczy\u0144ski<\/p>\n<\/td>\n<td width=\"227\">\n<p><strong>Cz\u0142onek<\/strong><\/p>\n<\/td>\n<\/tr>\n<\/tbody>\n<\/table>\n<table width=\"0\">\n<tbody>\n<tr>\n<td width=\"453\">\n<p>Krzysztof Trzpil<\/p>\n<\/td>\n<td width=\"227\">\n<p><strong>Cz\u0142onek<\/strong><\/p>\n<\/td>\n<\/tr>\n<tr>\n<td width=\"453\">\n<p>Pawe\u0142 Wars<\/p>\n<\/td>\n<td width=\"227\">\n<p><strong>Cz\u0142onek<\/strong><\/p>\n<\/td>\n<\/tr>\n<tr>\n<td width=\"453\">\n<p>Jaros\u0142aw Wilczak<\/p>\n<\/td>\n<td width=\"227\">\n<p><strong>Cz\u0142onek<\/strong><\/p>\n<\/td>\n<\/tr>\n<tr>\n<td width=\"453\">\n<p>Dariusz Zdziennicki<\/p>\n<\/td>\n<td width=\"227\">\n<p><strong>Cz\u0142onek<\/strong><\/p>\n<\/td>\n<\/tr>\n<\/tbody>\n<\/table>","protected":false},"excerpt":{"rendered":"<p>Sk\u0142ad Komisji Zak\u0142adowej Bogdan Wi\u015bniewski Przewodnicz\u0105cy cz\u0142onek prezydium Wies\u0142aw Murzyn Z-ca Przewodnicz\u0105cego cz\u0142onek prezydium Henryk \u0141oposzko Z-ca Przewodnicz\u0105cego cz\u0142onek prezydium Ilona Kos Sekretarz cz\u0142onek prezydium Kamila Murawska E-Sekretarz cz\u0142onek prezydium Ma\u0142gorzata Flasi\u0144ska Skarbnik cz\u0142onek prezydium Krzysztof Kila\u0144ski Cz\u0142onek prezydium Stanis\u0142aw Kr\u00f3lak Cz\u0142onek prezydium &nbsp; &nbsp; Artur Alker Cz\u0142onek Mariusz Andrzejczak Cz\u0142onek Mariola Bartosiewicz Cz\u0142onek Rafa\u0142 [&hellip;]<\/p>\n","protected":false},"author":1,"featured_media":0,"parent":0,"menu_order":0,"comment_status":"open","ping_status":"open","template":"","meta":{"footnotes":""},"class_list":["post-41","page","type-page","status-publish","hentry"],"_links":{"self":[{"href":"https:\/\/solidarnosctvp.pl\/index.php?rest_route=\/wp\/v2\/pages\/41","targetHints":{"allow":["GET"]}}],"collection":[{"href":"https:\/\/solidarnosctvp.pl\/index.php?rest_route=\/wp\/v2\/pages"}],"about":[{"href":"https:\/\/solidarnosctvp.pl\/index.php?rest_route=\/wp\/v2\/types\/page"}],"author":[{"embeddable":true,"href":"https:\/\/solidarnosctvp.pl\/index.php?rest_route=\/wp\/v2\/users\/1"}],"replies":[{"embeddable":true,"href":"https:\/\/solidarnosctvp.pl\/index.php?rest_route=%2Fwp%2Fv2%2Fcomments&post=41"}],"version-history":[{"count":26,"href":"https:\/\/solidarnosctvp.pl\/index.php?rest_route=\/wp\/v2\/pages\/41\/revisions"}],"predecessor-version":[{"id":2970,"href":"https:\/\/solidarnosctvp.pl\/index.php?rest_route=\/wp\/v2\/pages\/41\/revisions\/2970"}],"wp:attachment":[{"href":"https:\/\/solidarnosctvp.pl\/index.php?rest_route=%2Fwp%2Fv2%2Fmedia&parent=41"}],"curies":[{"name":"wp","href":"https:\/\/api.w.org\/{rel}","templated":true}]}}