{"id":27,"date":"2014-06-18T10:47:56","date_gmt":"2014-06-18T08:47:56","guid":{"rendered":"http:\/\/solidarnosctvp.pl\/?page_id=27"},"modified":"2023-12-04T13:25:38","modified_gmt":"2023-12-04T12:25:38","slug":"komisje-oddzialowe","status":"publish","type":"page","link":"https:\/\/solidarnosctvp.pl\/?page_id=27","title":{"rendered":"Komisje oddzia\u0142owe"},"content":{"rendered":"<p style=\"text-align: center;\"><script type=\"text\/javascript\">\n\t\t\tvar map;\n      function initialize() {\n        var mapOptions = {\n          center: new google.maps.LatLng(52.406374, 16.925168),\n          zoom: 5\n        };\n        map = new google.maps.Map(document.getElementById(\"map-canvas-69e2e576259bf\"),\n            mapOptions);\n      }\n      google.maps.event.addDomListener(window, \"load\", initialize);\n    <\/script>\n    <div class=\"google-map\" id=\"map-canvas-69e2e576259bf\"><\/div><br \/>\n\n\t<script type=\"text\/javascript\">\n\t(function($){\n\t\tgoogle.maps.event.addDomListener(window, \"load\", initialize_marker);\n\t\tfunction initialize_marker() {\n\t\t\tvar location = new google.maps.LatLng(53.1390883, 23.1577532);\n\t    var marker = new google.maps.Marker({\n\t        position : location,\n\t        map : map,\n\t        icon: \"https:\/\/solidarnosctvp.pl\/wp-content\/themes\/tvp_solidarnosc\/images\/other\/marker.png\"\n\t    });\n\t    var content = \"Komisja w Bia\u0142ymstoku<br \/> W\u0142\u00f3kiennicza 16a<br \/> 15-46 Bia\u0142ystok<br \/>\";\n\t    var infoWindow = new google.maps.InfoWindow({\n\t        content : content\n\t    });\n\n\t    google.maps.event.addListener(marker, \"click\", \n\t        function(event)\n\t        {\n\t            map.panTo(event.latLng);\n\t            infoWindow.open(map, this);\n\t        }\n\t    );\n\t\t}\n  })(jQuery);\n  <\/script>\n  <br \/>\n\n\t<script type=\"text\/javascript\">\n\t(function($){\n\t\tgoogle.maps.event.addDomListener(window, \"load\", initialize_marker);\n\t\tfunction initialize_marker() {\n\t\t\tvar location = new google.maps.LatLng(50.0290262, 22.0112203);\n\t    var marker = new google.maps.Marker({\n\t        position : location,\n\t        map : map,\n\t        icon: \"https:\/\/solidarnosctvp.pl\/wp-content\/themes\/tvp_solidarnosc\/images\/other\/marker.png\"\n\t    });\n\t    var content = \"Komisja w Rzeszowie<br \/> Kopisto 6<br \/> 35-310 Rzesz\u00f3w<br \/>\";\n\t    var infoWindow = new google.maps.InfoWindow({\n\t        content : content\n\t    });\n\n\t    google.maps.event.addListener(marker, \"click\", \n\t        function(event)\n\t        {\n\t            map.panTo(event.latLng);\n\t            infoWindow.open(map, this);\n\t        }\n\t    );\n\t\t}\n  })(jQuery);\n  <\/script>\n  <\/p>\n\n\t<script type=\"text\/javascript\">\n\t(function($){\n\t\tgoogle.maps.event.addDomListener(window, \"load\", initialize_marker);\n\t\tfunction initialize_marker() {\n\t\t\tvar location = new google.maps.LatLng(51.072285, 17.006609);\n\t    var marker = new google.maps.Marker({\n\t        position : location,\n\t        map : map,\n\t        icon: \"https:\/\/solidarnosctvp.pl\/wp-content\/themes\/tvp_solidarnosc\/images\/other\/marker.png\"\n\t    });\n\t    var content = \"<br \/> Komisja we Wroc\u0142awiu<br \/> Aleja Karkonoska 8<br \/> 53-015 Wroc\u0142aw<br \/>\";\n\t    var infoWindow = new google.maps.InfoWindow({\n\t        content : content\n\t    });\n\n\t    google.maps.event.addListener(marker, \"click\", \n\t        function(event)\n\t        {\n\t            map.panTo(event.latLng);\n\t            infoWindow.open(map, this);\n\t        }\n\t    );\n\t\t}\n  })(jQuery);\n  <\/script>\n  \n\n\t<script type=\"text\/javascript\">\n\t(function($){\n\t\tgoogle.maps.event.addDomListener(window, \"load\", initialize_marker);\n\t\tfunction initialize_marker() {\n\t\t\tvar location = new google.maps.LatLng(52.235399, 21.0117095);\n\t    var marker = new google.maps.Marker({\n\t        position : location,\n\t        map : map,\n\t        icon: \"https:\/\/solidarnosctvp.pl\/wp-content\/themes\/tvp_solidarnosc\/images\/other\/marker.png\"\n\t    });\n\t    var content = \"<br \/> Komisja w Warszawie<br \/> Jasna 14\/16<br \/> 00-054 Warszawa\";\n\t    var infoWindow = new google.maps.InfoWindow({\n\t        content : content\n\t    });\n\n\t    google.maps.event.addListener(marker, \"click\", \n\t        function(event)\n\t        {\n\t            map.panTo(event.latLng);\n\t            infoWindow.open(map, this);\n\t        }\n\t    );\n\t\t}\n  })(jQuery);\n  <\/script>\n  \n\n\t<script type=\"text\/javascript\">\n\t(function($){\n\t\tgoogle.maps.event.addDomListener(window, \"load\", initialize_marker);\n\t\tfunction initialize_marker() {\n\t\t\tvar location = new google.maps.LatLng(52.3980985, 16.9468251);\n\t    var marker = new google.maps.Marker({\n\t        position : location,\n\t        map : map,\n\t        icon: \"https:\/\/solidarnosctvp.pl\/wp-content\/themes\/tvp_solidarnosc\/images\/other\/marker.png\"\n\t    });\n\t    var content = \"<br \/> Komisja w Poznaniu<br \/> Serafitek 8<br \/> 61-144 Pozna\u0144\";\n\t    var infoWindow = new google.maps.InfoWindow({\n\t        content : content\n\t    });\n\n\t    google.maps.event.addListener(marker, \"click\", \n\t        function(event)\n\t        {\n\t            map.panTo(event.latLng);\n\t            infoWindow.open(map, this);\n\t        }\n\t    );\n\t\t}\n  })(jQuery);\n  <\/script>\n  \n\n\t<script type=\"text\/javascript\">\n\t(function($){\n\t\tgoogle.maps.event.addDomListener(window, \"load\", initialize_marker);\n\t\tfunction initialize_marker() {\n\t\t\tvar location = new google.maps.LatLng(54.4148999, 18.5602715);\n\t    var marker = new google.maps.Marker({\n\t        position : location,\n\t        map : map,\n\t        icon: \"https:\/\/solidarnosctvp.pl\/wp-content\/themes\/tvp_solidarnosc\/images\/other\/marker.png\"\n\t    });\n\t    var content = \"<br \/> Komisja w Gda\u0144sku<br \/> Czy\u017cewskiego 42<br \/> 80-336 Gda\u0144sk\";\n\t    var infoWindow = new google.maps.InfoWindow({\n\t        content : content\n\t    });\n\n\t    google.maps.event.addListener(marker, \"click\", \n\t        function(event)\n\t        {\n\t            map.panTo(event.latLng);\n\t            infoWindow.open(map, this);\n\t        }\n\t    );\n\t\t}\n  })(jQuery);\n  <\/script>\n  \n\n\t<script type=\"text\/javascript\">\n\t(function($){\n\t\tgoogle.maps.event.addDomListener(window, \"load\", initialize_marker);\n\t\tfunction initialize_marker() {\n\t\t\tvar location = new google.maps.LatLng(52.185302, 21.0119628);\n\t    var marker = new google.maps.Marker({\n\t        position : location,\n\t        map : map,\n\t        icon: \"https:\/\/solidarnosctvp.pl\/wp-content\/themes\/tvp_solidarnosc\/images\/other\/marker.png\"\n\t    });\n\t    var content = \"<br \/> Zak\u0142ad G\u0142\u00f3wny<br \/> Woronicza 17<br \/> 00-999 Warszawa\";\n\t    var infoWindow = new google.maps.InfoWindow({\n\t        content : content\n\t    });\n\n\t    google.maps.event.addListener(marker, \"click\", \n\t        function(event)\n\t        {\n\t            map.panTo(event.latLng);\n\t            infoWindow.open(map, this);\n\t        }\n\t    );\n\t\t}\n  })(jQuery);\n  <\/script>\n  \n<p><div class=\"bordered-title\">Bia\u0142ystok<\/div><a href=\"http:\/\/solidarnosctvp.pl\/wp-content\/uploads\/2014\/06\/bia\u0142ystok.jpg\"><img loading=\"lazy\" decoding=\"async\" class=\"wp-image-550 alignright\" src=\"http:\/\/solidarnosctvp.pl\/wp-content\/uploads\/2014\/06\/bia\u0142ystok-1024x642.jpg\" alt=\"\" width=\"274\" height=\"172\" srcset=\"https:\/\/solidarnosctvp.pl\/wp-content\/uploads\/2014\/06\/bia\u0142ystok-1024x642.jpg 1024w, https:\/\/solidarnosctvp.pl\/wp-content\/uploads\/2014\/06\/bia\u0142ystok-300x188.jpg 300w, https:\/\/solidarnosctvp.pl\/wp-content\/uploads\/2014\/06\/bia\u0142ystok-624x391.jpg 624w, https:\/\/solidarnosctvp.pl\/wp-content\/uploads\/2014\/06\/bia\u0142ystok.jpg 1231w\" sizes=\"auto, (max-width: 274px) 100vw, 274px\" \/><\/a><\/p>\n<p>W\u0142\u00f3kiennicza 16a<br \/>\n15-646 Bia\u0142ystok<br \/>\nTelefon ???<br \/>\nmail: ???<\/p>\n<p>Przewodnicz\u0105cy Dariusz Mojsak<\/p>\n<p><div class=\"bordered-title\">Gda\u0144sk<\/div><img loading=\"lazy\" decoding=\"async\" class=\"alignright wp-image-400 \" src=\"http:\/\/solidarnosctvp.pl\/wp-content\/uploads\/2014\/06\/Budynek-TVP-Gda\u0144sk-296x200.jpg\" alt=\"Budynek TVP Gda\u0144sk\" width=\"274\" height=\"185\" srcset=\"https:\/\/solidarnosctvp.pl\/wp-content\/uploads\/2014\/06\/Budynek-TVP-Gda\u0144sk-296x200.jpg 296w, https:\/\/solidarnosctvp.pl\/wp-content\/uploads\/2014\/06\/Budynek-TVP-Gda\u0144sk-624x421.jpg 624w, https:\/\/solidarnosctvp.pl\/wp-content\/uploads\/2014\/06\/Budynek-TVP-Gda\u0144sk.jpg 696w\" sizes=\"auto, (max-width: 274px) 100vw, 274px\" \/><\/p>\n<p>Czy\u017cewskiego 42<br \/>\n80-336 Gda\u0144sk<br \/>\nTelefon 603 776 566<br \/>\nmail: ???<\/p>\n<p>Przewodnicz\u0105cy Mateusz Ka\u017carnowicz<\/p>\n<p><div class=\"bordered-title\">Katowice<\/div><br \/>\n<img loading=\"lazy\" decoding=\"async\" class=\"alignright wp-image-1431\" src=\"http:\/\/solidarnosctvp.pl\/wp-content\/uploads\/2023\/12\/AAAAAAAA-1.jpg\" alt=\"\" width=\"250\" height=\"171\" \/><\/p>\n<p>ul. Telewizyjna 1<br \/>\nKatowice 40-151<br \/>\nTelefon ??<br \/>\nmail: ???<\/p>\n<p>Przewodnicz\u0105cy Artur Alker<\/p>\n<p><div class=\"bordered-title\">Krak\u00f3w<\/div><img loading=\"lazy\" decoding=\"async\" class=\"wp-image-1441 size-full alignright\" src=\"http:\/\/solidarnosctvp.pl\/wp-content\/uploads\/2023\/12\/AAAAAAAA-4.jpg\" alt=\"\" width=\"258\" height=\"194\" \/><\/p>\n<p>Krzemionki 30<br \/>\n30-525 Krak\u00f3w<br \/>\nTelefon 605 605 580<br \/>\nTelefon 12 261 53 67<br \/>\nmail: <a style=\"background-color: transparent; color: #0066cc; font-family: &amp;quot; calibri&amp;quot;,&amp;quot;sans-serif&amp;quot;; font-size: 14.66px; font-style: normal; font-variant: normal; font-weight: 400; letter-spacing: normal; orphans: 2; text-align: left; text-decoration: underline; text-indent: 0px; text-transform: none; -webkit-text-stroke-width: 0px; white-space: normal; word-spacing: 0px; margin: 0px;\" href=\"https:\/\/poczta.tvp.pl\/owa\/redir.aspx?REF=DygozgHlE6_sb-BV7vtuXIRK6gbH57y0KmuoACC1DROnev0SUp7WCAFtYWlsdG86U29saWRhcm5vc2MuS3Jha293QHR2cC5wbA..\">Solidarnosc.Krakow@tvp.pl<\/a><\/p>\n<p>Przewodnicz\u0105cy Marek Lebiest<\/p>\n<div class=\"bordered-title\">\u0141\u00f3d\u017a<\/div>\n<p><img loading=\"lazy\" decoding=\"async\" class=\"wp-image-1432 size-full alignright\" src=\"http:\/\/solidarnosctvp.pl\/wp-content\/uploads\/2023\/12\/AAAAAAAA-2.jpg\" alt=\"\" width=\"275\" height=\"183\" \/><\/p>\n<p>ul. Gabriela Narutowicza 13<br \/>\n90-117 \u0141\u00f3d\u017a<br \/>\nTelefon<br \/>\nmail krzysztof.kilanski@tvp.pl<\/p>\n<p>Przewodnicz\u0105cy: Krzysztof Kila\u0144ski<\/p>\n<p><div class=\"bordered-title\">Pozna\u0144<\/div><br \/>\n<img loading=\"lazy\" decoding=\"async\" class=\"alignright wp-image-374 \" src=\"http:\/\/solidarnosctvp.pl\/wp-content\/uploads\/2014\/06\/Budynek-TVP-Poznan-300x179.jpg\" alt=\"\" width=\"268\" height=\"162\" srcset=\"https:\/\/solidarnosctvp.pl\/wp-content\/uploads\/2014\/06\/Budynek-TVP-Poznan-624x374.jpg 624w, https:\/\/solidarnosctvp.pl\/wp-content\/uploads\/2014\/06\/Budynek-TVP-Poznan.jpg 1024w\" sizes=\"auto, (max-width: 268px) 100vw, 268px\" \/><\/p>\n<p>ul. Serafitek 8<br \/>\n61-144 Pozna\u0144<br \/>\nTelefon 785 985 033<br \/>\nmail: rafa\u0142.biernacki@tvp.pl<\/p>\n<p>Przewodnicz\u0105cy: Rafa\u0142 Biernacki<\/p>\n<p><div class=\"bordered-title\">Rzesz\u00f3w<\/div><img loading=\"lazy\" decoding=\"async\" class=\"alignright wp-image-368 \" src=\"http:\/\/solidarnosctvp.pl\/wp-content\/uploads\/2014\/06\/Budynek-TVP-Rzeszow_480-266x200.jpg\" alt=\"Budynek TVP Rzeszow\" width=\"226\" height=\"170\" srcset=\"https:\/\/solidarnosctvp.pl\/wp-content\/uploads\/2014\/06\/Budynek-TVP-Rzeszow_480-266x200.jpg 266w, https:\/\/solidarnosctvp.pl\/wp-content\/uploads\/2014\/06\/Budynek-TVP-Rzeszow_480.jpg 360w\" sizes=\"auto, (max-width: 226px) 100vw, 226px\" \/><\/p>\n<p>ul. Kopisto 6<br \/>\n35-310 Rzesz\u00f3w<br \/>\nTelefon 17 86 13 387<br \/>\nmail: jacek.lasota@tvp.pl<\/p>\n<p>Przewodnicz\u0105cy: Jacek Lasota<\/p>\n<div class=\"bordered-title\">Warszawa &#8211; Zak\u0142ad G\u0142\u00f3wny<\/div>\n<p><img loading=\"lazy\" decoding=\"async\" class=\"wp-image-1392  alignright\" src=\"http:\/\/solidarnosctvp.pl\/wp-content\/uploads\/2023\/10\/Q-300x200.jpg\" alt=\"\" width=\"270\" height=\"180\" srcset=\"https:\/\/solidarnosctvp.pl\/wp-content\/uploads\/2023\/10\/Q-300x200.jpg 300w, https:\/\/solidarnosctvp.pl\/wp-content\/uploads\/2023\/10\/Q-624x416.jpg 624w, https:\/\/solidarnosctvp.pl\/wp-content\/uploads\/2023\/10\/Q.jpg 750w\" sizes=\"auto, (max-width: 270px) 100vw, 270px\" \/><\/p>\n<p>ul. Jana Paw\u0142a Woronicza 17<br \/>\n00-999 Warszawa<br \/>\nTelefon 22 547 88 20<br \/>\nmail bogdan.wisniewski@tvp.pl<\/p>\n<p>Przewodnicz\u0105cy: Bogdan Wi\u015bniewski<\/p>\n<div class=\"bordered-title\">Warszawa -WOT<\/div>\n<p><img loading=\"lazy\" decoding=\"async\" class=\"wp-image-1452  alignright\" src=\"http:\/\/solidarnosctvp.pl\/wp-content\/uploads\/2023\/12\/AAAAAAAA-6.jpg\" alt=\"\" width=\"220\" height=\"169\" \/><\/p>\n<p>ul. Jasna 14\/16<br \/>\n00-054 Warszawa<br \/>\nTelefon 22 547 30 66<br \/>\nmail anna.rajewska@tvp.pl<\/p>\n<p>Przewodnicz\u0105cy: Anna Rajewska<\/p>\n<div class=\"bordered-title\">Warszawa-TAI<\/div>\n<p><img loading=\"lazy\" decoding=\"async\" class=\"wp-image-1445  alignright\" src=\"http:\/\/solidarnosctvp.pl\/wp-content\/uploads\/2023\/12\/AAAAAAAA-5.jpg\" alt=\"\" width=\"275\" height=\"183\" \/><\/p>\n<p>Plac Powsta\u0144c\u00f3w 7<br \/>\n00-054 Warszawa<br \/>\nTelefon ???<br \/>\nmail jaros\u0142aw.le\u015bniak@tvp.pl<\/p>\n<p>Przewodnicz\u0105cy: Jaros\u0142aw Le\u015bniak<\/p>\n<p><div class=\"bordered-title\">Wroc\u0142aw<\/div><br \/>\n<img loading=\"lazy\" decoding=\"async\" class=\"wp-image-1435 size-medium alignright\" src=\"http:\/\/solidarnosctvp.pl\/wp-content\/uploads\/2023\/12\/AAAAAAAA-3-300x180.jpg\" alt=\"\" width=\"300\" height=\"180\" \/><\/p>\n<p>Aleja Karkonoska 8<br \/>\n53-015 Wroc\u0142aw<br \/>\nTelefon 605 78 33 99<br \/>\nmail henryk.\u0142oposzko@tvp.pl<\/p>\n<p>Przewodnicz\u0105cy: Henryk \u0141oposzko<\/p>\n","protected":false},"excerpt":{"rendered":"<p>W\u0142\u00f3kiennicza 16a 15-646 Bia\u0142ystok Telefon ??? mail: ??? Przewodnicz\u0105cy Dariusz Mojsak Czy\u017cewskiego 42 80-336 Gda\u0144sk Telefon 603 776 566 mail: ??? Przewodnicz\u0105cy Mateusz Ka\u017carnowicz ul. Telewizyjna 1 Katowice 40-151 Telefon ?? mail: ??? Przewodnicz\u0105cy Artur Alker Krzemionki 30 30-525 Krak\u00f3w Telefon 605 605 580 Telefon 12 261 53 67 mail: Solidarnosc.Krakow@tvp.pl Przewodnicz\u0105cy Marek Lebiest ul. [&hellip;]<\/p>\n","protected":false},"author":1,"featured_media":0,"parent":0,"menu_order":0,"comment_status":"open","ping_status":"open","template":"","meta":{"footnotes":""},"class_list":["post-27","page","type-page","status-publish","hentry"],"_links":{"self":[{"href":"https:\/\/solidarnosctvp.pl\/index.php?rest_route=\/wp\/v2\/pages\/27","targetHints":{"allow":["GET"]}}],"collection":[{"href":"https:\/\/solidarnosctvp.pl\/index.php?rest_route=\/wp\/v2\/pages"}],"about":[{"href":"https:\/\/solidarnosctvp.pl\/index.php?rest_route=\/wp\/v2\/types\/page"}],"author":[{"embeddable":true,"href":"https:\/\/solidarnosctvp.pl\/index.php?rest_route=\/wp\/v2\/users\/1"}],"replies":[{"embeddable":true,"href":"https:\/\/solidarnosctvp.pl\/index.php?rest_route=%2Fwp%2Fv2%2Fcomments&post=27"}],"version-history":[{"count":52,"href":"https:\/\/solidarnosctvp.pl\/index.php?rest_route=\/wp\/v2\/pages\/27\/revisions"}],"predecessor-version":[{"id":1454,"href":"https:\/\/solidarnosctvp.pl\/index.php?rest_route=\/wp\/v2\/pages\/27\/revisions\/1454"}],"wp:attachment":[{"href":"https:\/\/solidarnosctvp.pl\/index.php?rest_route=%2Fwp%2Fv2%2Fmedia&parent=27"}],"curies":[{"name":"wp","href":"https:\/\/api.w.org\/{rel}","templated":true}]}}